{"id":6867,"date":"2023-02-23T17:29:31","date_gmt":"2023-02-23T20:29:31","guid":{"rendered":"https:\/\/lacruz.cl\/?page_id=6867"},"modified":"2023-07-12T11:33:29","modified_gmt":"2023-07-12T15:33:29","slug":"la-cruz-realizara-importante-aporte-a-escolares","status":"publish","type":"page","link":"https:\/\/lacruz.cl\/a94a8fe5\/la-cruz-realizara-importante-aporte-a-escolares\/","title":{"rendered":"La Cruz realizar\u00e1 importante aporte a escolares"},"content":{"rendered":"\n<p>Para inicios del mes de marzo est\u00e1 contemplado el aporte complementario de \u00fatiles escolares, una mochila, libros y un buzo deportivo para m\u00e1s de mil estudiantes.<\/p>\n\n\n\n<p>Un alivio para el bolsillo de muchas familias crucinas. As\u00ed se podr\u00eda definir la ayuda complementaria que entregar\u00e1 la municipalidad de La Cruz a m\u00e1s de mil cien estudiantes de los cinco establecimientos educacionales que tiene a su cargo, y que consiste, entre otras cosas, en la entrega de un buzo deportivo, una mochila y \u00fatiles escolares. Esta iniciativa se concretar\u00e1 durante las primeras dos semanas del pr\u00f3ximo mes de marzo.<\/p>\n\n\n\n<p>\u201cQueremos contarles una gran noticia para nuestra comunidad educativa de La Cruz, ya que se entregar\u00e1 un apoyo complementario al \u00edtem de educaci\u00f3n de nuestras familias crucinas que tienen a sus hijas e hijos en nuestros cinco establecimientos educacionales\u201d, coment\u00f3 la alcaldesa (S), Andrea Suazo Ham.<\/p>\n\n\n\n<p>\u201cEste apoyo complementario\u201d, continu\u00f3 Suazo, \u201cconsiste en la entrega de un buzo, una mochila, \u00fatiles escolares y libros complementarios, lo que beneficiar\u00e1 a m\u00e1s de mil cien estudiantes de la comuna\u201d.<\/p>\n\n\n\n<p>De esta manera, todos los alumnos de las escuelas Bolonia, Lo Rojas, Domingo Santa Cruz Wilson de Pocochay, el colegio Mar\u00eda Alonso Chac\u00f3n y el Liceo Leonardo Da Vinci podr\u00e1n obtener esta ayuda adicional que seguramente servir\u00e1 para bajar los gastos del mes de marzo de cientos de familias crucinas.<\/p>\n\n\n\n<p>La alcaldesa (S) de La Cruz aclar\u00f3 que esta iniciativa naci\u00f3 gracias \u201ca las conversaciones que se sostuvieron durante las \u00faltimas reuniones realizadas por el consejo del PADEM (Planificaci\u00f3n Educacional Municipal), que lidera nuestra alcaldesa Filomena Navia Hevia y el honorable concejo municipal\u201d.<\/p>\n","protected":false},"excerpt":{"rendered":"<p>Para inicios del mes de marzo est\u00e1 contemplado el aporte complementario de \u00fatiles escolares, una mochila, libros y un buzo deportivo para m\u00e1s de mil estudiantes. Un alivio para el bolsillo de muchas familias crucinas. As\u00ed se podr\u00eda definir la ayuda complementaria que entregar\u00e1 la municipalidad de La Cruz a m\u00e1s de mil cien estudiantes [&hellip;]<\/p>\n","protected":false},"author":6,"featured_media":6868,"parent":0,"menu_order":0,"comment_status":"closed","ping_status":"closed","template":"","meta":{"site-sidebar-layout":"default","site-content-layout":"","ast-site-content-layout":"default","site-content-style":"default","site-sidebar-style":"default","ast-global-header-display":"","ast-banner-title-visibility":"","ast-main-header-display":"","ast-hfb-above-header-display":"","ast-hfb-below-header-display":"","ast-hfb-mobile-header-display":"","site-post-title":"","ast-breadcrumbs-content":"","ast-featured-img":"","footer-sml-layout":"","ast-disable-related-posts":"","theme-transparent-header-meta":"","adv-header-id-meta":"","stick-header-meta":"","header-above-stick-meta":"","header-main-stick-meta":"","header-below-stick-meta":"","astra-migrate-meta-layouts":"default","ast-page-background-enabled":"default","ast-page-background-meta":{"desktop":{"background-color":"var(--ast-global-color-4)","background-image":"","background-repeat":"repeat","background-position":"center center","background-size":"auto","background-attachment":"scroll","background-type":"","background-media":"","overlay-type":"","overlay-color":"","overlay-opacity":"","overlay-gradient":""},"tablet":{"background-color":"","background-image":"","background-repeat":"repeat","background-position":"center center","background-size":"auto","background-attachment":"scroll","background-type":"","background-media":"","overlay-type":"","overlay-color":"","overlay-opacity":"","overlay-gradient":""},"mobile":{"background-color":"","background-image":"","background-repeat":"repeat","background-position":"center center","background-size":"auto","background-attachment":"scroll","background-type":"","background-media":"","overlay-type":"","overlay-color":"","overlay-opacity":"","overlay-gradient":""}},"ast-content-background-meta":{"desktop":{"background-color":"var(--ast-global-color-5)","background-image":"","background-repeat":"repeat","background-position":"center center","background-size":"auto","background-attachment":"scroll","background-type":"","background-media":"","overlay-type":"","overlay-color":"","overlay-opacity":"","overlay-gradient":""},"tablet":{"background-color":"var(--ast-global-color-5)","background-image":"","background-repeat":"repeat","background-position":"center center","background-size":"auto","background-attachment":"scroll","background-type":"","background-media":"","overlay-type":"","overlay-color":"","overlay-opacity":"","overlay-gradient":""},"mobile":{"background-color":"var(--ast-global-color-5)","background-image":"","background-repeat":"repeat","background-position":"center center","background-size":"auto","background-attachment":"scroll","background-type":"","background-media":"","overlay-type":"","overlay-color":"","overlay-opacity":"","overlay-gradient":""}},"footnotes":""},"class_list":["post-6867","page","type-page","status-publish","has-post-thumbnail","hentry"],"_links":{"self":[{"href":"https:\/\/lacruz.cl\/a94a8fe5\/wp-json\/wp\/v2\/pages\/6867","targetHints":{"allow":["GET"]}}],"collection":[{"href":"https:\/\/lacruz.cl\/a94a8fe5\/wp-json\/wp\/v2\/pages"}],"about":[{"href":"https:\/\/lacruz.cl\/a94a8fe5\/wp-json\/wp\/v2\/types\/page"}],"author":[{"embeddable":true,"href":"https:\/\/lacruz.cl\/a94a8fe5\/wp-json\/wp\/v2\/users\/6"}],"replies":[{"embeddable":true,"href":"https:\/\/lacruz.cl\/a94a8fe5\/wp-json\/wp\/v2\/comments?post=6867"}],"version-history":[{"count":1,"href":"https:\/\/lacruz.cl\/a94a8fe5\/wp-json\/wp\/v2\/pages\/6867\/revisions"}],"predecessor-version":[{"id":6869,"href":"https:\/\/lacruz.cl\/a94a8fe5\/wp-json\/wp\/v2\/pages\/6867\/revisions\/6869"}],"wp:featuredmedia":[{"embeddable":true,"href":"https:\/\/lacruz.cl\/a94a8fe5\/wp-json\/wp\/v2\/media\/6868"}],"wp:attachment":[{"href":"https:\/\/lacruz.cl\/a94a8fe5\/wp-json\/wp\/v2\/media?parent=6867"}],"curies":[{"name":"wp","href":"https:\/\/api.w.org\/{rel}","templated":true}]}}