{"id":2919,"date":"2021-09-24T12:30:33","date_gmt":"2021-09-24T15:30:33","guid":{"rendered":"https:\/\/lacruz.cl\/a94a8fe5\/?page_id=2919"},"modified":"2023-07-12T11:22:45","modified_gmt":"2023-07-12T15:22:45","slug":"rentas-patentes","status":"publish","type":"page","link":"https:\/\/lacruz.cl\/a94a8fe5\/tramites\/rentas-patentes\/","title":{"rendered":"Tr\u00e1mites Rentas y Patentes"},"content":{"rendered":"\t\t<div data-elementor-type=\"wp-page\" data-elementor-id=\"2919\" class=\"elementor elementor-2919\" data-elementor-post-type=\"page\">\n\t\t\t\t\t\t<section class=\"elementor-section elementor-top-section elementor-element elementor-element-f0f88dd elementor-section-content-middle elementor-section-boxed elementor-section-height-default elementor-section-height-default\" data-id=\"f0f88dd\" data-element_type=\"section\" data-e-type=\"section\" data-settings=\"{&quot;background_background&quot;:&quot;classic&quot;}\">\n\t\t\t\t\t\t\t<div class=\"elementor-background-overlay\"><\/div>\n\t\t\t\t\t\t\t<div class=\"elementor-container elementor-column-gap-no\">\n\t\t\t\t\t<div class=\"elementor-column elementor-col-100 elementor-top-column elementor-element elementor-element-080c3f7\" data-id=\"080c3f7\" data-element_type=\"column\" data-e-type=\"column\">\n\t\t\t<div class=\"elementor-widget-wrap elementor-element-populated\">\n\t\t\t\t\t\t<div class=\"elementor-element elementor-element-031529f elementor-widget elementor-widget-heading\" data-id=\"031529f\" data-element_type=\"widget\" data-e-type=\"widget\" data-widget_type=\"heading.default\">\n\t\t\t\t<div class=\"elementor-widget-container\">\n\t\t\t\t\t<h4 class=\"elementor-heading-title elementor-size-default\">TR\u00c1MITES RENTAS Y PATENTES<\/h4>\t\t\t\t<\/div>\n\t\t\t\t<\/div>\n\t\t\t\t<div class=\"elementor-element elementor-element-1f5f482 elementor-widget elementor-widget-heading\" data-id=\"1f5f482\" data-element_type=\"widget\" data-e-type=\"widget\" data-widget_type=\"heading.default\">\n\t\t\t\t<div class=\"elementor-widget-container\">\n\t\t\t\t\t<h5 class=\"elementor-heading-title elementor-size-default\">Ac\u00e1 te mostramos los Tr\u00e1mites que puedes realizar en RENTAS UBICADO EN <br>dom (obras y construcci\u00f3n)<\/h5>\t\t\t\t<\/div>\n\t\t\t\t<\/div>\n\t\t\t\t\t<\/div>\n\t\t<\/div>\n\t\t\t\t\t<\/div>\n\t\t<\/section>\n\t\t\t\t<section class=\"elementor-section elementor-top-section elementor-element elementor-element-93f2cab elementor-section-content-middle elementor-section-boxed elementor-section-height-default elementor-section-height-default\" data-id=\"93f2cab\" data-element_type=\"section\" data-e-type=\"section\">\n\t\t\t\t\t\t<div class=\"elementor-container elementor-column-gap-no\">\n\t\t\t\t\t<div class=\"elementor-column elementor-col-100 elementor-top-column elementor-element elementor-element-850ed98\" data-id=\"850ed98\" data-element_type=\"column\" data-e-type=\"column\">\n\t\t\t<div class=\"elementor-widget-wrap elementor-element-populated\">\n\t\t\t\t\t\t<div class=\"elementor-element elementor-element-333b0e4 elementor-widget elementor-widget-toggle\" data-id=\"333b0e4\" data-element_type=\"widget\" data-e-type=\"widget\" data-widget_type=\"toggle.default\">\n\t\t\t\t<div class=\"elementor-widget-container\">\n\t\t\t\t\t\t\t<div class=\"elementor-toggle\">\n\t\t\t\t\t\t\t<div class=\"elementor-toggle-item\">\n\t\t\t\t\t<div id=\"elementor-tab-title-5371\" class=\"elementor-tab-title\" data-tab=\"1\" role=\"button\" aria-controls=\"elementor-tab-content-5371\" aria-expanded=\"false\">\n\t\t\t\t\t\t\t\t\t\t\t\t<span class=\"elementor-toggle-icon elementor-toggle-icon-right\" aria-hidden=\"true\">\n\t\t\t\t\t\t\t\t\t\t\t\t\t\t\t<span class=\"elementor-toggle-icon-closed\"><i class=\"fas fa-caret-right\"><\/i><\/span>\n\t\t\t\t\t\t\t\t<span class=\"elementor-toggle-icon-opened\"><i class=\"elementor-toggle-icon-opened fas fa-caret-up\"><\/i><\/span>\n\t\t\t\t\t\t\t\t\t\t\t\t\t<\/span>\n\t\t\t\t\t\t\t\t\t\t\t\t<a class=\"elementor-toggle-title\" tabindex=\"0\">Patente Microempresa<\/a>\n\t\t\t\t\t<\/div>\n\n\t\t\t\t\t<div id=\"elementor-tab-content-5371\" class=\"elementor-tab-content elementor-clearfix\" data-tab=\"1\" role=\"region\" aria-labelledby=\"elementor-tab-title-5371\"><p>(Permiso Municipal que permite el desarrollo de una actividad comercial, siendo aquellas que no permite un nivel de venta superior a las 2.400 UF)<\/p><p><strong>REQUISITOS:<\/strong><br \/>1.- Completar formulario de Patente seg\u00fan Giro.<\/p><p><strong>ANTECEDENTES:<\/strong><br \/>1.-Copia Certificado de Iniciaci\u00f3n de Actividades S.I.I., indicando Giros a desarrollar.<br \/>2.-Certificado del Departamento de Obras Municipales.<br \/>3.- Fotocopia R.U.T. contribuyente.<br \/>4.-Declaraci\u00f3n jurada de capital propio.<br \/>5.- Copia \u00faltimo I.V.A. pagado (si corresponde).<br \/>6.- Resoluci\u00f3n sanitaria .<br \/>7.- Publicidad, informaci\u00f3n en cuadro adjunto<br \/>8.- Acreditar Propiedad o Contrato de Arriendo (copia).<br \/>______<br \/><strong>TR\u00c1MITES A REALIZAR O ETAPAS:<\/strong><br \/>PROCESO DE RECEPCION DE DOCUMENTOS<br \/>\u00b0 Recepci\u00f3n del Formulario Completo.<br \/>\u00b0 Revisi\u00f3n de los datos solicitados.<br \/>\u00b0 Evaluaci\u00f3n de los Documentos Adjuntos<br \/>\u00b0 Env\u00edo al Depto. Jur\u00eddico para emisi\u00f3n de informe.<br \/>\u00b0 Ingreso Oficina de Partes, para V\u00b0B\u00b0 ALCALDESA.<br \/>\u00b0 Pago de Patente.<br \/>\u00b0 Pago de Patente.<br \/>\u00b0 Aseo<br \/>\u00b0 Publicidad<br \/>_____<br \/><strong>VALOR:<\/strong><br \/>DE ACUERDO A LO ESTABLECIDO<br \/>\u00b0 Ley de Rentas 3.063 Art.7=1 UTM Anual +Art 26= 1 UTM Anual + Art.41( inciso 5) =20% por M2 o fracci\u00f3n anual<br \/>_____<br \/><strong>LUGAR DONDE SE REALIZA:<\/strong><br \/>DEPTO. DE TRANSITO Y RENTAS \u00b0 1er. Piso de la I. Municipalidad de La Cruz Direcci\u00f3n, Gabriela Mistral 03 HORARIO Ma\u00f1ana Lunes a Viernes entre 8.30 a las 14.00 hrs Tarde Lunes a Viernes entre 15.00 a las 17.00 hrs SABADO Ma\u00f1ana entre 10.00 a 13.00<\/p><\/div>\n\t\t\t\t<\/div>\n\t\t\t\t\t\t\t<div class=\"elementor-toggle-item\">\n\t\t\t\t\t<div id=\"elementor-tab-title-5372\" class=\"elementor-tab-title\" data-tab=\"2\" role=\"button\" aria-controls=\"elementor-tab-content-5372\" aria-expanded=\"false\">\n\t\t\t\t\t\t\t\t\t\t\t\t<span class=\"elementor-toggle-icon elementor-toggle-icon-right\" aria-hidden=\"true\">\n\t\t\t\t\t\t\t\t\t\t\t\t\t\t\t<span class=\"elementor-toggle-icon-closed\"><i class=\"fas fa-caret-right\"><\/i><\/span>\n\t\t\t\t\t\t\t\t<span class=\"elementor-toggle-icon-opened\"><i class=\"elementor-toggle-icon-opened fas fa-caret-up\"><\/i><\/span>\n\t\t\t\t\t\t\t\t\t\t\t\t\t<\/span>\n\t\t\t\t\t\t\t\t\t\t\t\t<a class=\"elementor-toggle-title\" tabindex=\"0\">Patentes Alcoholes<\/a>\n\t\t\t\t\t<\/div>\n\n\t\t\t\t\t<div id=\"elementor-tab-content-5372\" class=\"elementor-tab-content elementor-clearfix\" data-tab=\"2\" role=\"region\" aria-labelledby=\"elementor-tab-title-5372\"><p>(Permiso necesario para emprender actividades comerciales como botiller\u00eda, bares, restaurantes y afines)<\/p><p><strong>REQUISITOS:<\/strong><br \/>1. Completar Formulario de Patente seg\u00fan Giro, Supermercados, Restaurantes con Venta de Alcohol.<br \/>2.-Completar todos los datos solicitados.<\/p><p><strong>ANTECEDENTES:<\/strong><br \/>1.- Copia Certificado de Iniciaci\u00f3n de Actividades S.I.I., indicando Giros a desarrollar.<br \/>2.-Certificado del Departamento de Obras Municipales.<br \/>3.-Fotocopia R.U.T. contribuyente.<br \/>4.-Declaraci\u00f3n jurada de capital propio.<br \/>5.-Copia \u00faltimo I.V.A. pagado (si corresponde).<br \/>6.-Resoluci\u00f3n sanitaria.<br \/>7.-Publicidad, informaci\u00f3n en cuadro adjunto.<br \/>8.-Acreditar Propiedad o Contrato de Arriendo (copia).<br \/>9.-Certificado Antecedentes.<br \/>10.-Declaraci\u00f3n Jurada Notarial Art. 04 Ley de Alcoholes.<br \/>11.-Carta Junta de Vecinos.<br \/>12.-Contrato de venta Patente.<br \/>13.-Copia de Patente de Alcohol.<br \/>14.-Carta Cuerpo Bomberos<br \/>______<br \/><strong>TR\u00c1MITES A REALIZAR O ETAPAS:<\/strong><br \/>PROCESO DE RECEPCION DE DOCUMENTOS<br \/>\u00b0 Recepci\u00f3n del Formulario Completo.<br \/>\u00b0 Revisi\u00f3n de los datos solicitados.<br \/>\u00b0 Evaluaci\u00f3n de los Documentos Adjuntos<br \/>\u00b0 Env\u00edo al Depto. Jur\u00eddico para emisi\u00f3n de informe.<br \/>\u00b0 Ingreso Oficina de Partes, para V\u00b0B\u00b0 ALCALDESA.<br \/>\u00b0 Revisi\u00f3n y Aprobaci\u00f3n por el Consejo Comunal<br \/>\u00b0 Pago de Patente.<br \/>\u00b0 Pago de Patente, Ley de Alcoholes<br \/>\u00b0 Aseo<br \/>\u00b0 Publicidad<br \/>_____<br \/><strong>VALOR:<\/strong><br \/>DE ACUERDO A LO ESTABLECIDO<br \/>\u00b0 Ley de Rentas 3.063 Art.6= 1 UTM Anual + Art 23, 24= 1 UTM Anual + Art.32= 1 UTM Anual + Art.41= 20% por M2 o por fracci\u00f3n anual<br \/>_____<br \/><strong>LUGAR DONDE SE REALIZA:<\/strong><br \/>DEPTO. DE TRANSITO Y RENTAS \u00b0 1er. Piso de la I. Municipalidad de La Cruz Direcci\u00f3n, Gabriela Mistral 03 HORARIO Ma\u00f1ana Lunes a Viernes entre 8.30 a las 14.00 hrs Tarde Lunes a Viernes entre 15.00 a las 17.00 hrs SABADO Ma\u00f1ana entre 10.00 a 13.00<\/p><\/div>\n\t\t\t\t<\/div>\n\t\t\t\t\t\t\t<div class=\"elementor-toggle-item\">\n\t\t\t\t\t<div id=\"elementor-tab-title-5373\" class=\"elementor-tab-title\" data-tab=\"3\" role=\"button\" aria-controls=\"elementor-tab-content-5373\" aria-expanded=\"false\">\n\t\t\t\t\t\t\t\t\t\t\t\t<span class=\"elementor-toggle-icon elementor-toggle-icon-right\" aria-hidden=\"true\">\n\t\t\t\t\t\t\t\t\t\t\t\t\t\t\t<span class=\"elementor-toggle-icon-closed\"><i class=\"fas fa-caret-right\"><\/i><\/span>\n\t\t\t\t\t\t\t\t<span class=\"elementor-toggle-icon-opened\"><i class=\"elementor-toggle-icon-opened fas fa-caret-up\"><\/i><\/span>\n\t\t\t\t\t\t\t\t\t\t\t\t\t<\/span>\n\t\t\t\t\t\t\t\t\t\t\t\t<a class=\"elementor-toggle-title\" tabindex=\"0\">Patentes Comerciales<\/a>\n\t\t\t\t\t<\/div>\n\n\t\t\t\t\t<div id=\"elementor-tab-content-5373\" class=\"elementor-tab-content elementor-clearfix\" data-tab=\"3\" role=\"region\" aria-labelledby=\"elementor-tab-title-5373\"><p>(Permiso necesario para emprender las actividades de car\u00e1cter comercial)<\/p><p><strong>REQUISITOS:<\/strong><br \/>1.- Completar todos los datos solicitados por los formularios entregados en Oficina de Rentas y Patentes.<\/p><p><strong>ANTECEDENTES:<\/strong><br \/>1.-Copia Certificado de Iniciaci\u00f3n de Actividades S.I.I., indicando Giros a desarrollar.<br \/>2.-Certificado del Departamento de Obras Municipales.<br \/>3.- Fotocopia R.U.T. contribuyente.<br \/>4.-Declaraci\u00f3n jurada de capital propio.<br \/>5.-Copia \u00faltimo I.V.A. pagado (si corresponde).<br \/>6.- Resoluci\u00f3n sanitaria.<br \/>7.- Publicidad, informaci\u00f3n en cuadro adjunto.<br \/>8.- Acreditar Propiedad o Contrato de Arriendo (copia).<br \/>9.- Si Corresponde a Empresa, necesita copia de Acta de Constituci\u00f3n.<br \/>10.- Nombramiento del Representante Legal con Copia de su C\u00e9dula de Identidad.<br \/>______<br \/><strong>TR\u00c1MITES A REALIZAR O ETAPAS:<\/strong><br \/>PROCESO DE RECEPCION DE DOCUMENTOS<br \/>\u00b0 Recepci\u00f3n del Formulario Completo.<br \/>\u00b0 Revisi\u00f3n de los datos solicitados.<br \/>\u00b0 Evaluaci\u00f3n de los Documentos Adjuntos<br \/>\u00b0 Env\u00edo al Depto. Jur\u00eddico para emisi\u00f3n de informe.<br \/>\u00b0 Ingreso Oficina de Partes, para V\u00b0B\u00b0 ALCALDESA.<br \/>\u00b0 Pago de Patente.<br \/>\u00b0 Aseo<br \/>\u00b0 Publicidad<br \/>_____<br \/><strong>VALOR:<\/strong><br \/>DE ACUERDO A LO ESTABLECIDO<br \/>\u00b0 Ley de Rentas 3.063 Art 7= 1 UTM Anual+ Art 23,24= 1 UTM Anual +Art 41 (inciso5)= 20%por m2 o fracci\u00f3n anual<br \/>_____<br \/><strong>LUGAR DONDE SE REALIZA:<\/strong><br \/>DEPTO. DE TRANSITO Y RENTAS \u00b0 1er. Piso de la I. Municipalidad de la Cruz Direcci\u00f3n, Gabriela Mistral 03 HORARIO Ma\u00f1ana Lunes a Viernes entre 8.30 a las 14.00 hrs Tarde Lunes a Viernes entre 15.00 a las 17.00 hrs SABADO Ma\u00f1ana entre 10.00 a 13.00<\/p><\/div>\n\t\t\t\t<\/div>\n\t\t\t\t\t\t\t<div class=\"elementor-toggle-item\">\n\t\t\t\t\t<div id=\"elementor-tab-title-5374\" class=\"elementor-tab-title\" data-tab=\"4\" role=\"button\" aria-controls=\"elementor-tab-content-5374\" aria-expanded=\"false\">\n\t\t\t\t\t\t\t\t\t\t\t\t<span class=\"elementor-toggle-icon elementor-toggle-icon-right\" aria-hidden=\"true\">\n\t\t\t\t\t\t\t\t\t\t\t\t\t\t\t<span class=\"elementor-toggle-icon-closed\"><i class=\"fas fa-caret-right\"><\/i><\/span>\n\t\t\t\t\t\t\t\t<span class=\"elementor-toggle-icon-opened\"><i class=\"elementor-toggle-icon-opened fas fa-caret-up\"><\/i><\/span>\n\t\t\t\t\t\t\t\t\t\t\t\t\t<\/span>\n\t\t\t\t\t\t\t\t\t\t\t\t<a class=\"elementor-toggle-title\" tabindex=\"0\">Patentes como gu\u00eda tur\u00edstico<\/a>\n\t\t\t\t\t<\/div>\n\n\t\t\t\t\t<div id=\"elementor-tab-content-5374\" class=\"elementor-tab-content elementor-clearfix\" data-tab=\"4\" role=\"region\" aria-labelledby=\"elementor-tab-title-5374\"><p>(Permiso necesario para emprender actividades o entrega de servicios tur\u00edsticos)<\/p><p><strong>REQUISITOS:<\/strong><br \/>1.- Completar Formulario de Patente Profesional \/ Oficio.<\/p><p><strong>ANTECEDENTES:<\/strong><br \/>1.-Fotocopia de la C\u00e9dula de Identidad por ambos lados.<br \/>2.-Certificado de Antecedentes.<br \/>3.-Copia Electr\u00f3nica vigente de la cartola tributaria del prestador de servicios.<br \/>4.-Acreditaci\u00f3n de Formaci\u00f3n Curricular af\u00edn con la Actividad Tur\u00edstica ( reconocida por el Estado )<br \/>5.- Documento que demuestre, curso de primeros auxilios, minino 32 horas.<br \/>______<br \/><strong>TR\u00c1MITES A REALIZAR O ETAPAS:<\/strong><br \/>PROCESO DE RECEPCION DE DOCUMENTOS<br \/>\u00b0 Recepci\u00f3n del Formulario Completo.<br \/>\u00b0 Revisi\u00f3n de los datos solicitados.<br \/>\u00b0 Pago de Patente.<br \/>\u00b0 Aseo<br \/>\u00b0 Publicidad<br \/>_____<br \/><strong>VALOR:<\/strong><br \/>DE ACUERDO A LO ESTABLECIDO<br \/>\u00b0 Ley de Rentas 3.063 Art.7= 1 UTM Anual + Art.23,24=1 UTM Anual<br \/>_____<br \/><strong>LUGAR DONDE SE REALIZA:<\/strong><br \/>DEPTO. DE TRANSITO Y RENTAS \u00b0 1er. Piso de la I. Municipalidad de la Cruz Direcci\u00f3n, Gabriela Mistral 03 HORARIO Ma\u00f1ana Lunes a Viernes entre 8.30 a las 14.00 hrs Tarde Lunes a Viernes entre 15.00 a las 17.00 hrs SABADO Ma\u00f1ana entre 10.00 a 13.00<\/p><\/div>\n\t\t\t\t<\/div>\n\t\t\t\t\t\t\t<div class=\"elementor-toggle-item\">\n\t\t\t\t\t<div id=\"elementor-tab-title-5375\" class=\"elementor-tab-title\" data-tab=\"5\" role=\"button\" aria-controls=\"elementor-tab-content-5375\" aria-expanded=\"false\">\n\t\t\t\t\t\t\t\t\t\t\t\t<span class=\"elementor-toggle-icon elementor-toggle-icon-right\" aria-hidden=\"true\">\n\t\t\t\t\t\t\t\t\t\t\t\t\t\t\t<span class=\"elementor-toggle-icon-closed\"><i class=\"fas fa-caret-right\"><\/i><\/span>\n\t\t\t\t\t\t\t\t<span class=\"elementor-toggle-icon-opened\"><i class=\"elementor-toggle-icon-opened fas fa-caret-up\"><\/i><\/span>\n\t\t\t\t\t\t\t\t\t\t\t\t\t<\/span>\n\t\t\t\t\t\t\t\t\t\t\t\t<a class=\"elementor-toggle-title\" tabindex=\"0\">Patentes Industriales<\/a>\n\t\t\t\t\t<\/div>\n\n\t\t\t\t\t<div id=\"elementor-tab-content-5375\" class=\"elementor-tab-content elementor-clearfix\" data-tab=\"5\" role=\"region\" aria-labelledby=\"elementor-tab-title-5375\"><p>(Permiso necesario para emprender cualquier actividad comercial cuyo giro sea el de producci\u00f3n o manufacturaci\u00f3n de productos)<\/p><p><strong>REQUISITOS:<\/strong><br \/>1.- Completar formulario de Patente seg\u00fan Giro.<\/p><p><strong>ANTECEDENTES:<\/strong><br \/>1.-Copia Certificado de Iniciaci\u00f3n de Actividades S.I.I., indicando Giros a desarrollar.<br \/>2.-Certificado del Departamento de Obras Municipales.<br \/>3.- Fotocopia R.U.T. contribuyente.<br \/>4.-Declaraci\u00f3n jurada de capital propio.<br \/>5.-Copia \u00faltimo I.V.A. pagado (si corresponde).<br \/>6.- Resoluci\u00f3n sanitaria.<br \/>7.-Publicidad, informaci\u00f3n en cuadro adjunto.<br \/>8.-Acreditar Propiedad o Contrato de Arriendo (copia).<br \/>9.-Si Corresponde a Empresa, necesita copia de Acta de Constituci\u00f3n.<br \/>10.-Nombramiento del Representante Legal con Copia de su C\u00e9dula de Identidad.<br \/>______<br \/><strong>TR\u00c1MITES A REALIZAR O ETAPAS:<\/strong><br \/>PROCESO DE RECEPCION DE DOCUMENTOS<br \/>\u00b0 Recepci\u00f3n del Formulario Completo.<br \/>\u00b0 Revisi\u00f3n de los datos solicitados.<br \/>\u00b0 Evaluaci\u00f3n de los Documentos Adjuntos<br \/>\u00b0 Env\u00edo al Depto. Jur\u00eddico para emisi\u00f3n de informe.<br \/>\u00b0 Ingreso Oficina de Partes, para V\u00b0B\u00b0 ALCALDESA.<br \/>\u00b0 Pago de Patente.<br \/>\u00b0 Aseo<br \/>\u00b0 Publicidad<br \/>_____<br \/><strong>VALOR:<\/strong><br \/>DE ACUERDO A LO ESTABLECIDO<br \/>\u00b0 Ley de Rentas 3.063 Art.7= 1 UTM Anual+ Art.23,24= 1 UTM Anual +Art 41(Inciso 5)=20% por M2 o fracci\u00f3n anual<br \/>_____<br \/><strong>LUGAR DONDE SE REALIZA:<\/strong><br \/>DEPTO. DE TRANSITO Y RENTAS \u00b0 1er. Piso de la I. Municipalidad de la Cruz Direcci\u00f3n, Gabriela Mistral 03 HORARIO Ma\u00f1ana Lunes a Viernes entre 8.30 a las 14.00 hrs Tarde Lunes a Viernes entre 15.00 a las 17.00 hrs SABADO Ma\u00f1ana entre 10.00 a 13.00<\/p><\/div>\n\t\t\t\t<\/div>\n\t\t\t\t\t\t\t<div class=\"elementor-toggle-item\">\n\t\t\t\t\t<div id=\"elementor-tab-title-5376\" class=\"elementor-tab-title\" data-tab=\"6\" role=\"button\" aria-controls=\"elementor-tab-content-5376\" aria-expanded=\"false\">\n\t\t\t\t\t\t\t\t\t\t\t\t<span class=\"elementor-toggle-icon elementor-toggle-icon-right\" aria-hidden=\"true\">\n\t\t\t\t\t\t\t\t\t\t\t\t\t\t\t<span class=\"elementor-toggle-icon-closed\"><i class=\"fas fa-caret-right\"><\/i><\/span>\n\t\t\t\t\t\t\t\t<span class=\"elementor-toggle-icon-opened\"><i class=\"elementor-toggle-icon-opened fas fa-caret-up\"><\/i><\/span>\n\t\t\t\t\t\t\t\t\t\t\t\t\t<\/span>\n\t\t\t\t\t\t\t\t\t\t\t\t<a class=\"elementor-toggle-title\" tabindex=\"0\">Patentes Profesionales<\/a>\n\t\t\t\t\t<\/div>\n\n\t\t\t\t\t<div id=\"elementor-tab-content-5376\" class=\"elementor-tab-content elementor-clearfix\" data-tab=\"6\" role=\"region\" aria-labelledby=\"elementor-tab-title-5376\"><p>(Permisos necesarios para emprender cualquier actividad comercial, relacionada con el car\u00e1cter profesional del individuo)<\/p><p><strong>REQUISITOS:<\/strong><br \/>1.- Completar Formulario de Patente seg\u00fan Giro.<\/p><p><strong>ANTECEDENTES:<\/strong><br \/>1.- Titulo Legalizado ante Notario.<br \/>2.-Fotocopia del R.U.T.<br \/>3.- Comprobante Domicilio.<br \/>______<br \/><strong>TR\u00c1MITES A REALIZAR O ETAPAS:<\/strong><br \/>PROCESO DE RECEPCION DE DOCUMENTOS<br \/>\u00b0 Recepci\u00f3n del Formulario Completo.<br \/>\u00b0 Revisi\u00f3n de los datos solicitados.<br \/>\u00b0 Evaluaci\u00f3n de los Documentos Adjuntos<br \/>\u00b0 Pago de Patente.<br \/>\u00b0 Aseo<br \/>\u00b0 Publicidad<br \/>_____<br \/><strong>VALOR:<\/strong><br \/>DE ACUERDO A LO ESTABLECIDO<br \/>\u00b0 Ley de Rentas 3.063 Art.7= 1 UTM Anual+ Art23,24=1 UTM Anual +Art 41(inciso5)= 20% por M2 o Fracci\u00f3n anual<br \/>_____<br \/><strong>LUGAR DONDE SE REALIZA:<\/strong><br \/>DEPTO. DE TRANSITO Y RENTAS \u00b0 1er. Piso de la I. Municipalidad de la Cruz Direcci\u00f3n, Gabriela Mistral 03 HORARIO Ma\u00f1ana Lunes a Viernes entre 8.30 a las 14.00 hrs Tarde Lunes a Viernes entre 15.00 a las 17.00 hrs SABADO Ma\u00f1ana entre 10.00 a 13.00<\/p><\/div>\n\t\t\t\t<\/div>\n\t\t\t\t\t\t\t<div class=\"elementor-toggle-item\">\n\t\t\t\t\t<div id=\"elementor-tab-title-5377\" class=\"elementor-tab-title\" data-tab=\"7\" role=\"button\" aria-controls=\"elementor-tab-content-5377\" aria-expanded=\"false\">\n\t\t\t\t\t\t\t\t\t\t\t\t<span class=\"elementor-toggle-icon elementor-toggle-icon-right\" aria-hidden=\"true\">\n\t\t\t\t\t\t\t\t\t\t\t\t\t\t\t<span class=\"elementor-toggle-icon-closed\"><i class=\"fas fa-caret-right\"><\/i><\/span>\n\t\t\t\t\t\t\t\t<span class=\"elementor-toggle-icon-opened\"><i class=\"elementor-toggle-icon-opened fas fa-caret-up\"><\/i><\/span>\n\t\t\t\t\t\t\t\t\t\t\t\t\t<\/span>\n\t\t\t\t\t\t\t\t\t\t\t\t<a class=\"elementor-toggle-title\" tabindex=\"0\">Patentes Sociedades de Inversi\u00f3n<\/a>\n\t\t\t\t\t<\/div>\n\n\t\t\t\t\t<div id=\"elementor-tab-content-5377\" class=\"elementor-tab-content elementor-clearfix\" data-tab=\"7\" role=\"region\" aria-labelledby=\"elementor-tab-title-5377\"><p>(Permiso otorgado aquellas empresas cuyo objeto, giro o actividad corresponde a la adquisici\u00f3n, con fines rent\u00edsticos)<\/p><p><strong>REQUISITOS:<\/strong><br \/>1.- Completar Formulario de Patente seg\u00fan Giro.<\/p><p><strong>ANTECEDENTES:<\/strong><br \/>1.-Copia Certificado de Iniciaci\u00f3n de Actividades S.I.I., indicando Giros a desarrollar.<br \/>2.-Certificado del Departamento de Obras Municipales.<br \/>3.-Declaraci\u00f3n jurada de capital propio.<br \/>4.-Copia \u00faltimo I.V.A. pagado (si corresponde).<br \/>5.-Publicidad, informaci\u00f3n en cuadro adjunto.<br \/>6.-Acreditar Propiedad o Contrato de Arriendo (copia).<br \/>7.-Acta de Constituci\u00f3n de la Sociedad.<br \/>8.-Nombramiento del Representante Legal con Copia de su Cedula de Identidad.<br \/>______<br \/><strong>TR\u00c1MITES A REALIZAR O ETAPAS:<\/strong><br \/>PROCESO DE RECEPCION DE DOCUMENTOS<br \/>\u00b0 Recepci\u00f3n del Formulario Completo.<br \/>\u00b0 Revisi\u00f3n de los datos solicitados.<br \/>\u00b0 Evaluaci\u00f3n de los Documentos Adjuntos<br \/>\u00b0 Env\u00edo al Depto. Jur\u00eddico para emisi\u00f3n de informe.<br \/>\u00b0 Ingreso Oficina de Partes, para V\u00b0B\u00b0 ALCALDESA.<br \/>\u00b0 Pago de Patente.<br \/>\u00b0 Aseo<br \/>\u00b0 Publicidad<br \/>_____<br \/><strong>VALOR:<\/strong><br \/>DE ACUERDO A LO ESTABLECIDO<br \/>\u00b0 Ley de Rentas 3.063 Art.7= 1 UTM Anual + Art 23,24= 1 UTM Anual + Art.41(Inciso 5)= 20% por M2 o fracci\u00f3n anual<br \/>_____<br \/><strong>LUGAR DONDE SE REALIZA:<\/strong><br \/>DEPTO. DE TRANSITO Y RENTAS \u00b0 1er. Piso de la I. Municipalidad de la Cruz Direcci\u00f3n, Gabriela Mistral 03 HORARIO Ma\u00f1ana Lunes a Viernes entre 8.30 a las 14.00 hrs Tarde Lunes a Viernes entre 15.00 a las 17.00 hrs SABADO Ma\u00f1ana entre 10.00 a 13.00<\/p><\/div>\n\t\t\t\t<\/div>\n\t\t\t\t\t\t\t\t<\/div>\n\t\t\t\t\t\t<\/div>\n\t\t\t\t<\/div>\n\t\t\t\t\t<\/div>\n\t\t<\/div>\n\t\t\t\t\t<\/div>\n\t\t<\/section>\n\t\t\t\t<\/div>\n\t\t","protected":false},"excerpt":{"rendered":"<p>TR\u00c1MITES RENTAS Y PATENTES Ac\u00e1 te mostramos los Tr\u00e1mites que puedes realizar en RENTAS UBICADO EN dom (obras y construcci\u00f3n) Patente Microempresa (Permiso Municipal que permite el desarrollo de una actividad comercial, siendo aquellas que no permite un nivel de venta superior a las 2.400 UF) REQUISITOS:1.- Completar formulario de Patente seg\u00fan Giro. ANTECEDENTES:1.-Copia Certificado [&hellip;]<\/p>\n","protected":false},"author":6,"featured_media":0,"parent":32,"menu_order":0,"comment_status":"closed","ping_status":"closed","template":"elementor_header_footer","meta":{"site-sidebar-layout":"no-sidebar","site-content-layout":"page-builder","ast-site-content-layout":"default","site-content-style":"default","site-sidebar-style":"default","ast-global-header-display":"","ast-banner-title-visibility":"","ast-main-header-display":"","ast-hfb-above-header-display":"","ast-hfb-below-header-display":"","ast-hfb-mobile-header-display":"","site-post-title":"disabled","ast-breadcrumbs-content":"","ast-featured-img":"disabled","footer-sml-layout":"","ast-disable-related-posts":"","theme-transparent-header-meta":"default","adv-header-id-meta":"","stick-header-meta":"","header-above-stick-meta":"","header-main-stick-meta":"","header-below-stick-meta":"","astra-migrate-meta-layouts":"default","ast-page-background-enabled":"default","ast-page-background-meta":{"desktop":{"background-color":"var(--ast-global-color-4)","background-image":"","background-repeat":"repeat","background-position":"center center","background-size":"auto","background-attachment":"scroll","background-type":"","background-media":"","overlay-type":"","overlay-color":"","overlay-opacity":"","overlay-gradient":""},"tablet":{"background-color":"","background-image":"","background-repeat":"repeat","background-position":"center center","background-size":"auto","background-attachment":"scroll","background-type":"","background-media":"","overlay-type":"","overlay-color":"","overlay-opacity":"","overlay-gradient":""},"mobile":{"background-color":"","background-image":"","background-repeat":"repeat","background-position":"center center","background-size":"auto","background-attachment":"scroll","background-type":"","background-media":"","overlay-type":"","overlay-color":"","overlay-opacity":"","overlay-gradient":""}},"ast-content-background-meta":{"desktop":{"background-color":"var(--ast-global-color-5)","background-image":"","background-repeat":"repeat","background-position":"center center","background-size":"auto","background-attachment":"scroll","background-type":"","background-media":"","overlay-type":"","overlay-color":"","overlay-opacity":"","overlay-gradient":""},"tablet":{"background-color":"var(--ast-global-color-5)","background-image":"","background-repeat":"repeat","background-position":"center center","background-size":"auto","background-attachment":"scroll","background-type":"","background-media":"","overlay-type":"","overlay-color":"","overlay-opacity":"","overlay-gradient":""},"mobile":{"background-color":"var(--ast-global-color-5)","background-image":"","background-repeat":"repeat","background-position":"center center","background-size":"auto","background-attachment":"scroll","background-type":"","background-media":"","overlay-type":"","overlay-color":"","overlay-opacity":"","overlay-gradient":""}},"footnotes":""},"class_list":["post-2919","page","type-page","status-publish","hentry"],"_links":{"self":[{"href":"https:\/\/lacruz.cl\/a94a8fe5\/wp-json\/wp\/v2\/pages\/2919","targetHints":{"allow":["GET"]}}],"collection":[{"href":"https:\/\/lacruz.cl\/a94a8fe5\/wp-json\/wp\/v2\/pages"}],"about":[{"href":"https:\/\/lacruz.cl\/a94a8fe5\/wp-json\/wp\/v2\/types\/page"}],"author":[{"embeddable":true,"href":"https:\/\/lacruz.cl\/a94a8fe5\/wp-json\/wp\/v2\/users\/6"}],"replies":[{"embeddable":true,"href":"https:\/\/lacruz.cl\/a94a8fe5\/wp-json\/wp\/v2\/comments?post=2919"}],"version-history":[{"count":40,"href":"https:\/\/lacruz.cl\/a94a8fe5\/wp-json\/wp\/v2\/pages\/2919\/revisions"}],"predecessor-version":[{"id":2985,"href":"https:\/\/lacruz.cl\/a94a8fe5\/wp-json\/wp\/v2\/pages\/2919\/revisions\/2985"}],"up":[{"embeddable":true,"href":"https:\/\/lacruz.cl\/a94a8fe5\/wp-json\/wp\/v2\/pages\/32"}],"wp:attachment":[{"href":"https:\/\/lacruz.cl\/a94a8fe5\/wp-json\/wp\/v2\/media?parent=2919"}],"curies":[{"name":"wp","href":"https:\/\/api.w.org\/{rel}","templated":true}]}}