{"id":10273,"date":"2023-12-15T16:07:25","date_gmt":"2023-12-15T19:07:25","guid":{"rendered":"https:\/\/lacruz.cl\/?page_id=10273"},"modified":"2023-12-15T16:07:27","modified_gmt":"2023-12-15T19:07:27","slug":"feria-navidena-de-la-cruz-reune-a-176-emprendedoras-y-emprendedores","status":"publish","type":"page","link":"https:\/\/lacruz.cl\/a94a8fe5\/feria-navidena-de-la-cruz-reune-a-176-emprendedoras-y-emprendedores\/","title":{"rendered":"FERIA NAVIDE\u00d1A DE LA CRUZ REUNE A 176 EMPRENDEDORAS Y EMPRENDEDORES"},"content":{"rendered":"\n<p><\/p>\n\n\n\n<p>La Feria Navide\u00f1a de La Cruz funcionar\u00e1 desde el 15 de Diciembre desde las 12:00 hasta las 21:00hrs. y el d\u00eda 24 de diciembre hasta las 12:00hrs. y reunir\u00e1 a m\u00e1s de 170 emprendedoras y emprendedores, a continuaci\u00f3n compartimos la rese\u00f1a de las agrupaciones que podr\u00e1s encontrar en nuestra plaza comunal <br><br>\u00abAgrupaci\u00f3n\u00a0Limay\u201d<br>Agrupaci\u00f3n Limay es un colectivo de personas que desde su conformaci\u00f3n en<br>2020, busca representar de la mejor forma el trabajo artesanal y\u00a0hecho a mano,<br>abriendo espacios diversos para el desarrollo de la econom\u00eda local, el arte y la<br>cultura de nuestra comuna\u00bb.<\/p>\n\n\n\n<p>Agrupaci\u00f3n \u201cMi Sue\u00f1o mi Pyme\u201d<br>Mi sue\u00f1o Mi pyme es una Agrupaci\u00f3n de Emprendedores abierta que se inici\u00f3 el<br>a\u00f1o 2021 Post Pandemia con la finalidad de buscar y compartir espacios de<br>trabajo para su crecimiento personal, social y econ\u00f3mico y asi poder potenciar el<br>desarrollo de cada uno de sus socios. Ofreci\u00e9ndole adem\u00e1s a la ciudadan\u00eda<br>productos de elaboraci\u00f3n propia y de reventa con los cuales buscan entregar<br>productos de calidad, excelencia y un buen servicio a sus clientes.<br>El distintivo principal de esta agrupaci\u00f3n son sus toldos color blanco.<\/p>\n\n\n\n<p>\u201cAgrupaci\u00f3n Act\u00edvate\u201d<br>La Agrupaci\u00f3n de Emprendedores Act\u00edvate de La Cruz, fue formada un 11 de<br>octubre 2022 ya con un a\u00f1o de existencia, est\u00e1 compuesta con distintos<br>emprendimientos, como venta de zapatos, estampados e impresiones&nbsp; en tela y<br>tazones, joyer\u00eda, ropa americana, variedad de mermeladas, tejidos y productos<br>varios. Participando en cada feria Emprende de La Comuna.<\/p>\n\n\n\n<p>\u201cAgrupaci\u00f3n Tricahue\u201d<\/p>\n\n\n\n<p>Agrupaci\u00f3n Tricahue se conforma el 27 de Julio de 2023<br>por un peque\u00f1o grupo de diversos emprendedores bajo los principios de<br>compa\u00f1erismo, esfuerzo y trabajo en las cualidades y en los defectos para as\u00ed<br>sacar lo mejor de cada persona, teniendo empat\u00eda con cada una de nuestras<br>compa\u00f1eras.<\/p>\n\n\n\n<p>\u201cAgrupaci\u00f3n Aliwen\u201d<br>Emprendedores Libres Aliwen es una agrupaci\u00f3n que fue fundada en el a\u00f1o 2020,<br>fue creada por la necesidad de las personas de trabaja, r ya que despu\u00e9s de la<br>pandemia naci\u00f3 una gran explosi\u00f3n de Pymes llegando incluso a tener 45<br>miembros activos<\/p>\n\n\n\n<p>\u201cAgrupaci\u00f3n Creando Juntos\u201d<br>Desde su inicio, en junio de 2022, la agrupaci\u00f3n de emprendedores y artesanos&nbsp;<br>Creando Juntos,&nbsp; ha florecido como un vibrante colectivo. Unidos por la pasi\u00f3n<br>creativa y el esp\u00edritu emprendedor, han cultivado un espacio donde la innovaci\u00f3n y<br>la tradici\u00f3n convergen, brindando a la comunidad productos \u00fanicos y fomentando<br>el desarrollo local. Su compromiso con la calidad y la colaboraci\u00f3n ha fortalecido<br>los lazos comunitarios, convirti\u00e9ndolos en un pilar vital para el crecimiento<br>econ\u00f3mico y cultural de la comuna.<\/p>\n\n\n\n<p>\u201cAgrupaci\u00f3n Adamantis\u201d<br>Adamantis es una agrupaci\u00f3n de emprendedores locales creada en el a\u00f1o 2020<br>en respuesta de la crisis econ\u00f3mica que se estaba viviendo en el pa\u00eds producto de<br>la pandemia. Al mismo tiempo se busca dar un espacio para que los<br>emprendedores muestren sus productos, ayuden a la comunidad y de esa forma<br>centralicen a nuestra querida comuna; haciendo que las personas encuentren una<br>alternativa en el comercio local.<\/p>\n","protected":false},"excerpt":{"rendered":"<p>La Feria Navide\u00f1a de La Cruz funcionar\u00e1 desde el 15 de Diciembre desde las 12:00 hasta las 21:00hrs. y el d\u00eda 24 de diciembre hasta las 12:00hrs. y reunir\u00e1 a m\u00e1s de 170 emprendedoras y emprendedores, a continuaci\u00f3n compartimos la rese\u00f1a de las agrupaciones que podr\u00e1s encontrar en nuestra plaza comunal \u00abAgrupaci\u00f3n\u00a0Limay\u201dAgrupaci\u00f3n Limay es un [&hellip;]<\/p>\n","protected":false},"author":6,"featured_media":10274,"parent":0,"menu_order":0,"comment_status":"closed","ping_status":"closed","template":"","meta":{"site-sidebar-layout":"default","site-content-layout":"","ast-site-content-layout":"default","site-content-style":"default","site-sidebar-style":"default","ast-global-header-display":"","ast-banner-title-visibility":"","ast-main-header-display":"","ast-hfb-above-header-display":"","ast-hfb-below-header-display":"","ast-hfb-mobile-header-display":"","site-post-title":"","ast-breadcrumbs-content":"","ast-featured-img":"","footer-sml-layout":"","ast-disable-related-posts":"","theme-transparent-header-meta":"","adv-header-id-meta":"","stick-header-meta":"","header-above-stick-meta":"","header-main-stick-meta":"","header-below-stick-meta":"","astra-migrate-meta-layouts":"default","ast-page-background-enabled":"default","ast-page-background-meta":{"desktop":{"background-color":"var(--ast-global-color-4)","background-image":"","background-repeat":"repeat","background-position":"center center","background-size":"auto","background-attachment":"scroll","background-type":"","background-media":"","overlay-type":"","overlay-color":"","overlay-opacity":"","overlay-gradient":""},"tablet":{"background-color":"","background-image":"","background-repeat":"repeat","background-position":"center center","background-size":"auto","background-attachment":"scroll","background-type":"","background-media":"","overlay-type":"","overlay-color":"","overlay-opacity":"","overlay-gradient":""},"mobile":{"background-color":"","background-image":"","background-repeat":"repeat","background-position":"center center","background-size":"auto","background-attachment":"scroll","background-type":"","background-media":"","overlay-type":"","overlay-color":"","overlay-opacity":"","overlay-gradient":""}},"ast-content-background-meta":{"desktop":{"background-color":"var(--ast-global-color-5)","background-image":"","background-repeat":"repeat","background-position":"center center","background-size":"auto","background-attachment":"scroll","background-type":"","background-media":"","overlay-type":"","overlay-color":"","overlay-opacity":"","overlay-gradient":""},"tablet":{"background-color":"var(--ast-global-color-5)","background-image":"","background-repeat":"repeat","background-position":"center center","background-size":"auto","background-attachment":"scroll","background-type":"","background-media":"","overlay-type":"","overlay-color":"","overlay-opacity":"","overlay-gradient":""},"mobile":{"background-color":"var(--ast-global-color-5)","background-image":"","background-repeat":"repeat","background-position":"center center","background-size":"auto","background-attachment":"scroll","background-type":"","background-media":"","overlay-type":"","overlay-color":"","overlay-opacity":"","overlay-gradient":""}},"footnotes":""},"class_list":["post-10273","page","type-page","status-publish","has-post-thumbnail","hentry"],"_links":{"self":[{"href":"https:\/\/lacruz.cl\/a94a8fe5\/wp-json\/wp\/v2\/pages\/10273","targetHints":{"allow":["GET"]}}],"collection":[{"href":"https:\/\/lacruz.cl\/a94a8fe5\/wp-json\/wp\/v2\/pages"}],"about":[{"href":"https:\/\/lacruz.cl\/a94a8fe5\/wp-json\/wp\/v2\/types\/page"}],"author":[{"embeddable":true,"href":"https:\/\/lacruz.cl\/a94a8fe5\/wp-json\/wp\/v2\/users\/6"}],"replies":[{"embeddable":true,"href":"https:\/\/lacruz.cl\/a94a8fe5\/wp-json\/wp\/v2\/comments?post=10273"}],"version-history":[{"count":1,"href":"https:\/\/lacruz.cl\/a94a8fe5\/wp-json\/wp\/v2\/pages\/10273\/revisions"}],"predecessor-version":[{"id":10275,"href":"https:\/\/lacruz.cl\/a94a8fe5\/wp-json\/wp\/v2\/pages\/10273\/revisions\/10275"}],"wp:featuredmedia":[{"embeddable":true,"href":"https:\/\/lacruz.cl\/a94a8fe5\/wp-json\/wp\/v2\/media\/10274"}],"wp:attachment":[{"href":"https:\/\/lacruz.cl\/a94a8fe5\/wp-json\/wp\/v2\/media?parent=10273"}],"curies":[{"name":"wp","href":"https:\/\/api.w.org\/{rel}","templated":true}]}}

FERIA NAVIDEÑA DE LA CRUZ REUNE A 176 EMPRENDEDORAS Y EMPRENDEDORES

<p></p>



<p>La Feria Navideña de La Cruz funcionará desde el 15 de Diciembre desde las 12:00 hasta las 21:00hrs. y el día 24 de diciembre hasta las 12:00hrs. y reunirá a más de 170 emprendedoras y emprendedores, a continuación compartimos la reseña de las agrupaciones que podrás encontrar en nuestra plaza comunal <br><br>«Agrupación Limay”<br>Agrupación Limay es un colectivo de personas que desde su conformación en<br>2020, busca representar de la mejor forma el trabajo artesanal y hecho a mano,<br>abriendo espacios diversos para el desarrollo de la economía local, el arte y la<br>cultura de nuestra comuna».</p>



<p>Agrupación “Mi Sueño mi Pyme”<br>Mi sueño Mi pyme es una Agrupación de Emprendedores abierta que se inició el<br>año 2021 Post Pandemia con la finalidad de buscar y compartir espacios de<br>trabajo para su crecimiento personal, social y económico y asi poder potenciar el<br>desarrollo de cada uno de sus socios. Ofreciéndole además a la ciudadanía<br>productos de elaboración propia y de reventa con los cuales buscan entregar<br>productos de calidad, excelencia y un buen servicio a sus clientes.<br>El distintivo principal de esta agrupación son sus toldos color blanco.</p>



<p>“Agrupación Actívate”<br>La Agrupación de Emprendedores Actívate de La Cruz, fue formada un 11 de<br>octubre 2022 ya con un año de existencia, está compuesta con distintos<br>emprendimientos, como venta de zapatos, estampados e impresiones&nbsp; en tela y<br>tazones, joyería, ropa americana, variedad de mermeladas, tejidos y productos<br>varios. Participando en cada feria Emprende de La Comuna.</p>



<p>“Agrupación Tricahue”</p>



<p>Agrupación Tricahue se conforma el 27 de Julio de 2023<br>por un pequeño grupo de diversos emprendedores bajo los principios de<br>compañerismo, esfuerzo y trabajo en las cualidades y en los defectos para así<br>sacar lo mejor de cada persona, teniendo empatía con cada una de nuestras<br>compañeras.</p>



<p>“Agrupación Aliwen”<br>Emprendedores Libres Aliwen es una agrupación que fue fundada en el año 2020,<br>fue creada por la necesidad de las personas de trabaja, r ya que después de la<br>pandemia nació una gran explosión de Pymes llegando incluso a tener 45<br>miembros activos</p>



<p>“Agrupación Creando Juntos”<br>Desde su inicio, en junio de 2022, la agrupación de emprendedores y artesanos&nbsp;<br>Creando Juntos,&nbsp; ha florecido como un vibrante colectivo. Unidos por la pasión<br>creativa y el espíritu emprendedor, han cultivado un espacio donde la innovación y<br>la tradición convergen, brindando a la comunidad productos únicos y fomentando<br>el desarrollo local. Su compromiso con la calidad y la colaboración ha fortalecido<br>los lazos comunitarios, convirtiéndolos en un pilar vital para el crecimiento<br>económico y cultural de la comuna.</p>



<p>“Agrupación Adamantis”<br>Adamantis es una agrupación de emprendedores locales creada en el año 2020<br>en respuesta de la crisis económica que se estaba viviendo en el país producto de<br>la pandemia. Al mismo tiempo se busca dar un espacio para que los<br>emprendedores muestren sus productos, ayuden a la comunidad y de esa forma<br>centralicen a nuestra querida comuna; haciendo que las personas encuentren una<br>alternativa en el comercio local.</p>

<p>La Feria Navideña de La Cruz funcionará desde el 15 de Diciembre desde las 12:00 hasta las 21:00hrs. y el día 24 de diciembre hasta las 12:00hrs. y reunirá a más de 170 emprendedoras y emprendedores, a continuación compartimos la reseña de las agrupaciones que podrás encontrar en nuestra plaza comunal «Agrupación Limay”Agrupación Limay es un [&hellip;]</p>
